{"id":29,"date":"2011-08-15T18:02:05","date_gmt":"2011-08-15T18:02:05","guid":{"rendered":"http:\/\/kwiaciarniajaslo.pl\/?page_id=29"},"modified":"2021-10-16T12:43:02","modified_gmt":"2021-10-16T12:43:02","slug":"kontakt","status":"publish","type":"page","link":"http:\/\/kwiaciarniajaslo.pl\/index.php\/kontakt\/","title":{"rendered":"Kontakt"},"content":{"rendered":"\n<div class=\"wp-block-columns\"><\/div>\n\n\n\n<div class=\"wp-block-columns\">\n<div class=\"wp-block-column\">\n<p><strong>tel. + 48 605\u00a0149\u00a0944<\/strong><br><strong><a onclick=\"javascript:_gaq.push(['_trackPageview', '\/mailto\/kontakt@kwiaciarniajaslo.pl']);\"  href=\"mailto:kontakt@kwiaciarniajaslo.pl\">kontakt@kwiaciarniajaslo.pl<\/a><\/strong><\/p>\n<\/div>\n\n\n\n<div class=\"wp-block-column\">\n<p><strong>&#8222;Galeria Jas\u0142o&#8221;<\/strong><br><strong><a onclick=\"javascript:_gaq.push(['_trackPageview', '\/out\/www.google.com\/maps\/dir\/\/49.7461502,21.4823889\/@49.746312,21.4124044,12z\/data=!3m1!4b1']);\"  href=\"https:\/\/www.google.com\/maps\/dir\/\/49.7461502,21.4823889\/@49.746312,21.4124044,12z\/data=!3m1!4b1\">ul. Jana Paw\u0142a II 37<\/a><\/strong><\/p>\n<\/div>\n\n\n\n<div class=\"wp-block-column\">\n<p>Godziny otwarcia:<br><strong>Pn. &#8211; Sb.<\/strong> 10:00 &#8211; 20:00<\/p>\n<\/div>\n<\/div>\n\n\n\n<p><\/p>\n\n\n\n<p><iframe loading=\"lazy\" src=\"https:\/\/www.google.com\/maps\/d\/embed?mid=1PgaIQZEKA_7ECSGpYj_boGvqIg8&amp;hl=pl;output=embed\" width=\"890\" height=\"450\" frameborder=\"0\" marginwidth=\"0\" marginheight=\"0\" scrolling=\"no\">\n<p>Kwiaciarnia &#8222;Zielony Ogr\u00f3d&#8221; Dorota Kliszcz<br \/>\nNIP: 685-100-14-39<\/p>\n<p>Numer konta:\u00a052\u00a01020\u00a02964\u00a00000\u00a06302\u00a00047\u00a01367<\/p>\n<p><\/p><\/iframe><\/p>\n\n\n\n<figure class=\"wp-block-image size-large\"><a onclick=\"javascript:_gaq.push(['_trackPageview', '\/download\/wp-content\/uploads\/2021\/10\/plansza-informacyjna-PFR-poziom.png']);\"  href=\"http:\/\/kwiaciarniajaslo.pl\/wp-content\/uploads\/2021\/10\/plansza-informacyjna-PFR-poziom.png\"><img loading=\"lazy\" width=\"1024\" height=\"149\" src=\"http:\/\/kwiaciarniajaslo.pl\/wp-content\/uploads\/2021\/10\/plansza-informacyjna-PFR-poziom-1024x149.png\" alt=\"\" class=\"wp-image-641\" srcset=\"http:\/\/kwiaciarniajaslo.pl\/wp-content\/uploads\/2021\/10\/plansza-informacyjna-PFR-poziom-1024x149.png 1024w, http:\/\/kwiaciarniajaslo.pl\/wp-content\/uploads\/2021\/10\/plansza-informacyjna-PFR-poziom-300x44.png 300w, http:\/\/kwiaciarniajaslo.pl\/wp-content\/uploads\/2021\/10\/plansza-informacyjna-PFR-poziom-768x112.png 768w, http:\/\/kwiaciarniajaslo.pl\/wp-content\/uploads\/2021\/10\/plansza-informacyjna-PFR-poziom-1536x224.png 1536w, http:\/\/kwiaciarniajaslo.pl\/wp-content\/uploads\/2021\/10\/plansza-informacyjna-PFR-poziom.png 1790w\" sizes=\"(max-width: 1024px) 100vw, 1024px\" \/><\/a><\/figure>\n","protected":false},"excerpt":{"rendered":"<p>tel. + 48 605\u00a0149\u00a0944kontakt@kwiaciarniajaslo.pl &#8222;Galeria Jas\u0142o&#8221;ul. Jana Paw\u0142a II 37 Godziny otwarcia:Pn. &#8211; Sb. 10:00 &#8211; 20:00 Kwiaciarnia &#8222;Zielony Ogr\u00f3d&#8221; Dorota Kliszcz NIP: 685-100-14-39 Numer konta:\u00a052\u00a01020\u00a02964\u00a00000\u00a06302\u00a00047\u00a01367<\/p>\n","protected":false},"author":1,"featured_media":0,"parent":0,"menu_order":0,"comment_status":"open","ping_status":"open","template":"template-no-sidebar.php","meta":[],"_links":{"self":[{"href":"http:\/\/kwiaciarniajaslo.pl\/index.php\/wp-json\/wp\/v2\/pages\/29"}],"collection":[{"href":"http:\/\/kwiaciarniajaslo.pl\/index.php\/wp-json\/wp\/v2\/pages"}],"about":[{"href":"http:\/\/kwiaciarniajaslo.pl\/index.php\/wp-json\/wp\/v2\/types\/page"}],"author":[{"embeddable":true,"href":"http:\/\/kwiaciarniajaslo.pl\/index.php\/wp-json\/wp\/v2\/users\/1"}],"replies":[{"embeddable":true,"href":"http:\/\/kwiaciarniajaslo.pl\/index.php\/wp-json\/wp\/v2\/comments?post=29"}],"version-history":[{"count":75,"href":"http:\/\/kwiaciarniajaslo.pl\/index.php\/wp-json\/wp\/v2\/pages\/29\/revisions"}],"predecessor-version":[{"id":663,"href":"http:\/\/kwiaciarniajaslo.pl\/index.php\/wp-json\/wp\/v2\/pages\/29\/revisions\/663"}],"wp:attachment":[{"href":"http:\/\/kwiaciarniajaslo.pl\/index.php\/wp-json\/wp\/v2\/media?parent=29"}],"curies":[{"name":"wp","href":"https:\/\/api.w.org\/{rel}","templated":true}]}}