{"id":210,"date":"2011-08-18T09:41:46","date_gmt":"2011-08-18T09:41:46","guid":{"rendered":"http:\/\/kwiaciarniajaslo.pl\/?page_id=210"},"modified":"2011-11-25T12:31:39","modified_gmt":"2011-11-25T12:31:39","slug":"pozostale","status":"publish","type":"page","link":"http:\/\/kwiaciarniajaslo.pl\/index.php\/pozostale\/","title":{"rendered":"Pozosta\u0142e"},"content":{"rendered":"<p><em>W swojej ofercie posiadamy bogaty wyb\u00f3r kwiat\u00f3w doniczkowych, z kt\u00f3rych, na Pa\u0144stwa \u017cyczenie,\u00a0 przygotujemy odpowiedni\u0105 aran\u017cacj\u0119<strong>.<\/strong><\/em><\/p>\n<p><em>Oferujemy <em>r\u00f3wnie\u017c <\/em>wiele wzor\u00f3w doniczek oraz os\u0142on, zar\u00f3wno ceramicznych, jak i z tworzywa sztucznego.<\/em><\/p>\n<ul>\n<li>Doniczki, wazony, kosze<\/li>\n<li>Instalacje i aran\u017cacje wystaw<\/li>\n<li>Ozdobne pakowanie prezent\u00f3w<\/li>\n<\/ul>\n<div><a onclick=\"javascript:_gaq.push(['_trackPageview', '\/download\/wp-content\/uploads\/2011\/08\/11.jpg']);\"  href=\"http:\/\/kwiaciarniajaslo.pl\/wp-content\/uploads\/2011\/08\/11.jpg\"><img loading=\"lazy\" class=\"alignleft size-medium wp-image-434\" title=\"1\" src=\"http:\/\/kwiaciarniajaslo.pl\/wp-content\/uploads\/2011\/08\/11-300x225.jpg\" alt=\"\" width=\"300\" height=\"225\" srcset=\"http:\/\/kwiaciarniajaslo.pl\/wp-content\/uploads\/2011\/08\/11-300x225.jpg 300w, http:\/\/kwiaciarniajaslo.pl\/wp-content\/uploads\/2011\/08\/11.jpg 640w\" sizes=\"(max-width: 300px) 100vw, 300px\" \/><\/a><\/div>\n","protected":false},"excerpt":{"rendered":"<p>W swojej ofercie posiadamy bogaty wyb\u00f3r kwiat\u00f3w doniczkowych, z kt\u00f3rych, na Pa\u0144stwa \u017cyczenie,\u00a0 przygotujemy odpowiedni\u0105 aran\u017cacj\u0119. Oferujemy r\u00f3wnie\u017c wiele wzor\u00f3w doniczek oraz os\u0142on, zar\u00f3wno ceramicznych, jak i z tworzywa sztucznego. Doniczki, wazony, kosze Instalacje i aran\u017cacje wystaw Ozdobne pakowanie prezent\u00f3w<\/p>\n","protected":false},"author":1,"featured_media":0,"parent":0,"menu_order":0,"comment_status":"open","ping_status":"open","template":"","meta":[],"_links":{"self":[{"href":"http:\/\/kwiaciarniajaslo.pl\/index.php\/wp-json\/wp\/v2\/pages\/210"}],"collection":[{"href":"http:\/\/kwiaciarniajaslo.pl\/index.php\/wp-json\/wp\/v2\/pages"}],"about":[{"href":"http:\/\/kwiaciarniajaslo.pl\/index.php\/wp-json\/wp\/v2\/types\/page"}],"author":[{"embeddable":true,"href":"http:\/\/kwiaciarniajaslo.pl\/index.php\/wp-json\/wp\/v2\/users\/1"}],"replies":[{"embeddable":true,"href":"http:\/\/kwiaciarniajaslo.pl\/index.php\/wp-json\/wp\/v2\/comments?post=210"}],"version-history":[{"count":6,"href":"http:\/\/kwiaciarniajaslo.pl\/index.php\/wp-json\/wp\/v2\/pages\/210\/revisions"}],"predecessor-version":[{"id":212,"href":"http:\/\/kwiaciarniajaslo.pl\/index.php\/wp-json\/wp\/v2\/pages\/210\/revisions\/212"}],"wp:attachment":[{"href":"http:\/\/kwiaciarniajaslo.pl\/index.php\/wp-json\/wp\/v2\/media?parent=210"}],"curies":[{"name":"wp","href":"https:\/\/api.w.org\/{rel}","templated":true}]}}